{"id":17,"date":"2014-10-29T10:51:10","date_gmt":"2014-10-29T10:51:10","guid":{"rendered":"http:\/\/ivicom-consulting.com\/web\/?page_id=17"},"modified":"2015-06-10T10:43:19","modified_gmt":"2015-06-10T10:43:19","slug":"usluge","status":"publish","type":"page","link":"https:\/\/ivicom-consulting.com\/web\/usluge\/","title":{"rendered":"Usluge"},"content":{"rendered":"<p><img loading=\"lazy\" decoding=\"async\" class=\"alignnone size-full wp-image-536\" src=\"http:\/\/ivicom-consulting.com\/web\/wp-content\/uploads\/2014\/10\/hr_usluge.jpg\" alt=\"hr_usluge\" width=\"669\" height=\"75\" srcset=\"https:\/\/ivicom-consulting.com\/web\/wp-content\/uploads\/2014\/10\/hr_usluge.jpg 669w, https:\/\/ivicom-consulting.com\/web\/wp-content\/uploads\/2014\/10\/hr_usluge-300x33.jpg 300w, https:\/\/ivicom-consulting.com\/web\/wp-content\/uploads\/2014\/10\/hr_usluge-24x2.jpg 24w, https:\/\/ivicom-consulting.com\/web\/wp-content\/uploads\/2014\/10\/hr_usluge-36x4.jpg 36w, https:\/\/ivicom-consulting.com\/web\/wp-content\/uploads\/2014\/10\/hr_usluge-48x5.jpg 48w\" sizes=\"auto, (max-width: 669px) 100vw, 669px\" \/><\/p>\n<p>\u2018Od idejnog rje\u0161enja do klju\u010da u ruke\u2019 na\u0161 je moto s kojim \u010desto pristupamo kupcima. Ovisno o slo\u017eenosti projekta i zahtjevima kupaca, u mogu\u0107nosti smo ponuditi pojedine segmente u realizaciji projekta, s time da posjedujemo znanje i reference za nu\u0111enje cjelovitih rje\u0161enja.<\/p>\n<p>Na zahtjev kupca mo\u017eemo izvr\u0161iti sljede\u0107e usluge:<\/p>\n<ul>\n<li>Projektiranje po svim nivoima razrade dokumentacije (uz isho\u0111enje dozvola za izgradnju u dr\u017eavama u kojima posjedujemo licence)<\/li>\n<li>Stru\u010dni nadzori nad radovima<\/li>\n<li>Upravljanje projektima izgradnje (planiranje i pra\u0107enje)<\/li>\n<li>Nadzor i kontrola kvalitete nad proizvodnjom opreme (\u010deli\u010dne konstrukcije i razna strojarska oprema)<\/li>\n<li>Stru\u010dni poslovi za\u0161tite na radu (Koordinator II) tijekom izvo\u0111enja radova<\/li>\n<li>Energetsko certificiranje zgrada itd.<\/li>\n<\/ul>\n<p><img loading=\"lazy\" decoding=\"async\" class=\"aligncenter size-full wp-image-679\" src=\"http:\/\/ivicom-consulting.com\/web\/wp-content\/uploads\/2014\/10\/usluge2.png\" alt=\"usluge2\" width=\"300\" height=\"290\" srcset=\"https:\/\/ivicom-consulting.com\/web\/wp-content\/uploads\/2014\/10\/usluge2.png 300w, https:\/\/ivicom-consulting.com\/web\/wp-content\/uploads\/2014\/10\/usluge2-24x24.png 24w, https:\/\/ivicom-consulting.com\/web\/wp-content\/uploads\/2014\/10\/usluge2-36x34.png 36w, https:\/\/ivicom-consulting.com\/web\/wp-content\/uploads\/2014\/10\/usluge2-48x46.png 48w\" sizes=\"auto, (max-width: 300px) 100vw, 300px\" \/><\/p>\n<p>Po potrebi mo\u017eemo izraditi slijede\u0107u projektnu dokumentaciju:<\/p>\n<ul>\n<li>Studije opravdanosti projekta<\/li>\n<li>Idejna rje\u0161enja, idejne projekte te glavne projekte<\/li>\n<li>Izvedbene projekte za sve najva\u017enije in\u017eenjerske struke<\/li>\n<li>Radioni\u010dku dokumentaciju za \u010deli\u010dne konstrukcije, tla\u010dnu opremu uklju\u010divo cjevovode kao i ostalu strojarsku opremu<\/li>\n<li>Sanacijske programe, planove te elaborate za\u0161tite okoli\u0161a<\/li>\n<li>Elaborate EX zona<\/li>\n<li>Elaborate za\u0161tite od po\u017eara<\/li>\n<li>Elaborate za\u0161tite na radu (Koordinator I)<\/li>\n<li>Dokumentaciju za odobrenje konstrukcije tla\u010dne opreme od strane Tijela za ocjenu sukladnosti (TOS\/Notify Body)<\/li>\n<li>Izradu tro\u0161kovnika i tenderske dokumentacije<\/li>\n<li>Planiranje i pra\u0107enje realizacije projekta sa tehni\u010dkog i financijskog aspekta, itd.<\/li>\n<\/ul>\n","protected":false},"excerpt":{"rendered":"<p>\u2018Od idejnog rje\u0161enja do klju\u010da u ruke\u2019 na\u0161 je moto s kojim \u010desto pristupamo kupcima. Ovisno o slo\u017eenosti projekta i zahtjevima kupaca, u mogu\u0107nosti smo ponuditi pojedine segmente u realizaciji projekta, s time da posjedujemo znanje i reference za nu\u0111enje cjelovitih rje\u0161enja. Na zahtjev kupca mo\u017eemo izvr\u0161iti sljede\u0107e usluge: Projektiranje po svim nivoima razrade dokumentacije [&hellip;]<\/p>\n","protected":false},"author":1,"featured_media":0,"parent":0,"menu_order":0,"comment_status":"closed","ping_status":"closed","template":"","meta":{"footnotes":""},"class_list":["post-17","page","type-page","status-publish","hentry"],"yoast_head":"<!-- This site is optimized with the Yoast SEO plugin v27.5 - https:\/\/yoast.com\/product\/yoast-seo-wordpress\/ -->\n<title>Usluge - Ivicom Consulting<\/title>\n<meta name=\"robots\" content=\"index, follow, max-snippet:-1, max-image-preview:large, max-video-preview:-1\" \/>\n<link rel=\"canonical\" href=\"https:\/\/ivicom-consulting.com\/web\/usluge\/\" \/>\n<meta property=\"og:locale\" content=\"hr_HR\" \/>\n<meta property=\"og:type\" content=\"article\" \/>\n<meta property=\"og:title\" content=\"Usluge - Ivicom Consulting\" \/>\n<meta property=\"og:description\" content=\"\u2018Od idejnog rje\u0161enja do klju\u010da u ruke\u2019 na\u0161 je moto s kojim \u010desto pristupamo kupcima. Ovisno o slo\u017eenosti projekta i zahtjevima kupaca, u mogu\u0107nosti smo ponuditi pojedine segmente u realizaciji projekta, s time da posjedujemo znanje i reference za nu\u0111enje cjelovitih rje\u0161enja. Na zahtjev kupca mo\u017eemo izvr\u0161iti sljede\u0107e usluge: Projektiranje po svim nivoima razrade dokumentacije [&hellip;]\" \/>\n<meta property=\"og:url\" content=\"https:\/\/ivicom-consulting.com\/web\/usluge\/\" \/>\n<meta property=\"og:site_name\" content=\"Ivicom Consulting\" \/>\n<meta property=\"article:modified_time\" content=\"2015-06-10T10:43:19+00:00\" \/>\n<meta property=\"og:image\" content=\"http:\/\/ivicom-consulting.com\/web\/wp-content\/uploads\/2014\/10\/hr_usluge.jpg\" \/>\n<meta name=\"twitter:label1\" content=\"Procijenjeno vrijeme \u010ditanja\" \/>\n\t<meta name=\"twitter:data1\" content=\"1 minuta\" \/>\n<script type=\"application\/ld+json\" class=\"yoast-schema-graph\">{\"@context\":\"https:\\\/\\\/schema.org\",\"@graph\":[{\"@type\":\"WebPage\",\"@id\":\"https:\\\/\\\/ivicom-consulting.com\\\/web\\\/usluge\\\/\",\"url\":\"https:\\\/\\\/ivicom-consulting.com\\\/web\\\/usluge\\\/\",\"name\":\"Usluge - Ivicom Consulting\",\"isPartOf\":{\"@id\":\"https:\\\/\\\/ivicom-consulting.com\\\/web\\\/#website\"},\"primaryImageOfPage\":{\"@id\":\"https:\\\/\\\/ivicom-consulting.com\\\/web\\\/usluge\\\/#primaryimage\"},\"image\":{\"@id\":\"https:\\\/\\\/ivicom-consulting.com\\\/web\\\/usluge\\\/#primaryimage\"},\"thumbnailUrl\":\"http:\\\/\\\/ivicom-consulting.com\\\/web\\\/wp-content\\\/uploads\\\/2014\\\/10\\\/hr_usluge.jpg\",\"datePublished\":\"2014-10-29T10:51:10+00:00\",\"dateModified\":\"2015-06-10T10:43:19+00:00\",\"breadcrumb\":{\"@id\":\"https:\\\/\\\/ivicom-consulting.com\\\/web\\\/usluge\\\/#breadcrumb\"},\"inLanguage\":\"hr\",\"potentialAction\":[{\"@type\":\"ReadAction\",\"target\":[\"https:\\\/\\\/ivicom-consulting.com\\\/web\\\/usluge\\\/\"]}]},{\"@type\":\"ImageObject\",\"inLanguage\":\"hr\",\"@id\":\"https:\\\/\\\/ivicom-consulting.com\\\/web\\\/usluge\\\/#primaryimage\",\"url\":\"http:\\\/\\\/ivicom-consulting.com\\\/web\\\/wp-content\\\/uploads\\\/2014\\\/10\\\/hr_usluge.jpg\",\"contentUrl\":\"http:\\\/\\\/ivicom-consulting.com\\\/web\\\/wp-content\\\/uploads\\\/2014\\\/10\\\/hr_usluge.jpg\"},{\"@type\":\"BreadcrumbList\",\"@id\":\"https:\\\/\\\/ivicom-consulting.com\\\/web\\\/usluge\\\/#breadcrumb\",\"itemListElement\":[{\"@type\":\"ListItem\",\"position\":1,\"name\":\"Home\",\"item\":\"https:\\\/\\\/ivicom-consulting.com\\\/web\\\/language\\\/hr\\\/\"},{\"@type\":\"ListItem\",\"position\":2,\"name\":\"Usluge\"}]},{\"@type\":\"WebSite\",\"@id\":\"https:\\\/\\\/ivicom-consulting.com\\\/web\\\/#website\",\"url\":\"https:\\\/\\\/ivicom-consulting.com\\\/web\\\/\",\"name\":\"Ivicom Consulting\",\"description\":\"Ivicom Consulting\",\"potentialAction\":[{\"@type\":\"SearchAction\",\"target\":{\"@type\":\"EntryPoint\",\"urlTemplate\":\"https:\\\/\\\/ivicom-consulting.com\\\/web\\\/?s={search_term_string}\"},\"query-input\":{\"@type\":\"PropertyValueSpecification\",\"valueRequired\":true,\"valueName\":\"search_term_string\"}}],\"inLanguage\":\"hr\"}]}<\/script>\n<!-- \/ Yoast SEO plugin. -->","yoast_head_json":{"title":"Usluge - Ivicom Consulting","robots":{"index":"index","follow":"follow","max-snippet":"max-snippet:-1","max-image-preview":"max-image-preview:large","max-video-preview":"max-video-preview:-1"},"canonical":"https:\/\/ivicom-consulting.com\/web\/usluge\/","og_locale":"hr_HR","og_type":"article","og_title":"Usluge - Ivicom Consulting","og_description":"\u2018Od idejnog rje\u0161enja do klju\u010da u ruke\u2019 na\u0161 je moto s kojim \u010desto pristupamo kupcima. Ovisno o slo\u017eenosti projekta i zahtjevima kupaca, u mogu\u0107nosti smo ponuditi pojedine segmente u realizaciji projekta, s time da posjedujemo znanje i reference za nu\u0111enje cjelovitih rje\u0161enja. Na zahtjev kupca mo\u017eemo izvr\u0161iti sljede\u0107e usluge: Projektiranje po svim nivoima razrade dokumentacije [&hellip;]","og_url":"https:\/\/ivicom-consulting.com\/web\/usluge\/","og_site_name":"Ivicom Consulting","article_modified_time":"2015-06-10T10:43:19+00:00","og_image":[{"url":"http:\/\/ivicom-consulting.com\/web\/wp-content\/uploads\/2014\/10\/hr_usluge.jpg","type":"","width":"","height":""}],"twitter_misc":{"Procijenjeno vrijeme \u010ditanja":"1 minuta"},"schema":{"@context":"https:\/\/schema.org","@graph":[{"@type":"WebPage","@id":"https:\/\/ivicom-consulting.com\/web\/usluge\/","url":"https:\/\/ivicom-consulting.com\/web\/usluge\/","name":"Usluge - Ivicom Consulting","isPartOf":{"@id":"https:\/\/ivicom-consulting.com\/web\/#website"},"primaryImageOfPage":{"@id":"https:\/\/ivicom-consulting.com\/web\/usluge\/#primaryimage"},"image":{"@id":"https:\/\/ivicom-consulting.com\/web\/usluge\/#primaryimage"},"thumbnailUrl":"http:\/\/ivicom-consulting.com\/web\/wp-content\/uploads\/2014\/10\/hr_usluge.jpg","datePublished":"2014-10-29T10:51:10+00:00","dateModified":"2015-06-10T10:43:19+00:00","breadcrumb":{"@id":"https:\/\/ivicom-consulting.com\/web\/usluge\/#breadcrumb"},"inLanguage":"hr","potentialAction":[{"@type":"ReadAction","target":["https:\/\/ivicom-consulting.com\/web\/usluge\/"]}]},{"@type":"ImageObject","inLanguage":"hr","@id":"https:\/\/ivicom-consulting.com\/web\/usluge\/#primaryimage","url":"http:\/\/ivicom-consulting.com\/web\/wp-content\/uploads\/2014\/10\/hr_usluge.jpg","contentUrl":"http:\/\/ivicom-consulting.com\/web\/wp-content\/uploads\/2014\/10\/hr_usluge.jpg"},{"@type":"BreadcrumbList","@id":"https:\/\/ivicom-consulting.com\/web\/usluge\/#breadcrumb","itemListElement":[{"@type":"ListItem","position":1,"name":"Home","item":"https:\/\/ivicom-consulting.com\/web\/language\/hr\/"},{"@type":"ListItem","position":2,"name":"Usluge"}]},{"@type":"WebSite","@id":"https:\/\/ivicom-consulting.com\/web\/#website","url":"https:\/\/ivicom-consulting.com\/web\/","name":"Ivicom Consulting","description":"Ivicom Consulting","potentialAction":[{"@type":"SearchAction","target":{"@type":"EntryPoint","urlTemplate":"https:\/\/ivicom-consulting.com\/web\/?s={search_term_string}"},"query-input":{"@type":"PropertyValueSpecification","valueRequired":true,"valueName":"search_term_string"}}],"inLanguage":"hr"}]}},"_links":{"self":[{"href":"https:\/\/ivicom-consulting.com\/web\/wp-json\/wp\/v2\/pages\/17","targetHints":{"allow":["GET"]}}],"collection":[{"href":"https:\/\/ivicom-consulting.com\/web\/wp-json\/wp\/v2\/pages"}],"about":[{"href":"https:\/\/ivicom-consulting.com\/web\/wp-json\/wp\/v2\/types\/page"}],"author":[{"embeddable":true,"href":"https:\/\/ivicom-consulting.com\/web\/wp-json\/wp\/v2\/users\/1"}],"replies":[{"embeddable":true,"href":"https:\/\/ivicom-consulting.com\/web\/wp-json\/wp\/v2\/comments?post=17"}],"version-history":[{"count":7,"href":"https:\/\/ivicom-consulting.com\/web\/wp-json\/wp\/v2\/pages\/17\/revisions"}],"predecessor-version":[{"id":692,"href":"https:\/\/ivicom-consulting.com\/web\/wp-json\/wp\/v2\/pages\/17\/revisions\/692"}],"wp:attachment":[{"href":"https:\/\/ivicom-consulting.com\/web\/wp-json\/wp\/v2\/media?parent=17"}],"curies":[{"name":"wp","href":"https:\/\/api.w.org\/{rel}","templated":true}]}}