{"id":13,"date":"2014-10-29T10:47:42","date_gmt":"2014-10-29T10:47:42","guid":{"rendered":"http:\/\/ivicom-consulting.com\/web\/?page_id=13"},"modified":"2023-03-10T13:11:16","modified_gmt":"2023-03-10T13:11:16","slug":"ljudski-potencijali","status":"publish","type":"page","link":"https:\/\/ivicom-consulting.com\/web\/tvrtka\/ljudski-potencijali\/","title":{"rendered":"Ljudski potencijali"},"content":{"rendered":"<p><img loading=\"lazy\" decoding=\"async\" class=\"alignnone size-full wp-image-518\" src=\"http:\/\/ivicom-consulting.com\/web\/wp-content\/uploads\/2014\/10\/hr_ljudski.jpg\" alt=\"hr_ljudski\" width=\"669\" height=\"75\" srcset=\"https:\/\/ivicom-consulting.com\/web\/wp-content\/uploads\/2014\/10\/hr_ljudski.jpg 669w, https:\/\/ivicom-consulting.com\/web\/wp-content\/uploads\/2014\/10\/hr_ljudski-300x33.jpg 300w, https:\/\/ivicom-consulting.com\/web\/wp-content\/uploads\/2014\/10\/hr_ljudski-24x2.jpg 24w, https:\/\/ivicom-consulting.com\/web\/wp-content\/uploads\/2014\/10\/hr_ljudski-36x4.jpg 36w, https:\/\/ivicom-consulting.com\/web\/wp-content\/uploads\/2014\/10\/hr_ljudski-48x5.jpg 48w\" sizes=\"auto, (max-width: 669px) 100vw, 669px\" \/><\/p>\n<div class=\"entry-content\">Na\u0161a dana\u0161nja kvaliteta dobrim je dijelom rezultat sistemskog razvoja tvrtke, pri \u010demu smo zapo\u0161ljavali kadrove svih in\u017eenjerskih struka potrebnih za \u0161irok spektar usluga i podru\u010dja djelovanja koje pokrivamo. Trenutno zapo\u0161ljavamo 135\u00a0 stru\u010dnjaka uz mogu\u0107nost anga\u017eiranja po potrebi zna\u010dajnog broja pouzdanih vanjskih suradnika sa naglaskom na specijalizirana podru\u010dja kao \u0161to su vatrodojava, plinodojava, video nadzori i sl.<\/div>\n<div><\/div>\n<div>Vi\u0161e od tre\u0107ine na\u0161ih zaposlenika posjeduje i posebna ovla\u0161tenja nadle\u017enih in\u017eenjerskih komora u Republici Hrvatskoj. Mnoga od tih ovla\u0161tenja su me\u0111unarodno priznata i omogu\u0107uju nam obavljanje in\u017eenjerskih usluga i u drugim zemljama regije kao \u0161to su Bosna i Hercegovina te Crna Gora.Kontinuirana izobrazba i usavr\u0161avanje na\u0161ih stru\u010dnjaka dio je zacrtane strategije koja je donijela rezultate na na\u010din da raspola\u017eemo sa brojnim in\u017eenjerima specijaliziranim za podru\u010dje za\u0161tite na radu, za\u0161tite od po\u017eara, definiranje EX zona, prora\u010dune tla\u010dne opreme, pripremu tehnologije zavarivanja itd.<\/div>\n<div class=\"entry-content\"><img loading=\"lazy\" decoding=\"async\" class=\"aligncenter wp-image-1018 size-full\" src=\"https:\/\/ivicom-consulting.com\/web\/wp-content\/uploads\/2023\/03\/pie_2022_final_10032023-02-e1678453869887.png\" alt=\"\" width=\"814\" height=\"610\" srcset=\"https:\/\/ivicom-consulting.com\/web\/wp-content\/uploads\/2023\/03\/pie_2022_final_10032023-02-e1678453869887.png 814w, https:\/\/ivicom-consulting.com\/web\/wp-content\/uploads\/2023\/03\/pie_2022_final_10032023-02-e1678453869887-300x225.png 300w, https:\/\/ivicom-consulting.com\/web\/wp-content\/uploads\/2023\/03\/pie_2022_final_10032023-02-e1678453869887-768x576.png 768w, https:\/\/ivicom-consulting.com\/web\/wp-content\/uploads\/2023\/03\/pie_2022_final_10032023-02-e1678453869887-24x18.png 24w, https:\/\/ivicom-consulting.com\/web\/wp-content\/uploads\/2023\/03\/pie_2022_final_10032023-02-e1678453869887-36x27.png 36w, https:\/\/ivicom-consulting.com\/web\/wp-content\/uploads\/2023\/03\/pie_2022_final_10032023-02-e1678453869887-48x36.png 48w\" sizes=\"auto, (max-width: 814px) 100vw, 814px\" \/><\/div>\n","protected":false},"excerpt":{"rendered":"<p>Na\u0161a dana\u0161nja kvaliteta dobrim je dijelom rezultat sistemskog razvoja tvrtke, pri \u010demu smo zapo\u0161ljavali kadrove svih in\u017eenjerskih struka potrebnih za \u0161irok spektar usluga i podru\u010dja djelovanja koje pokrivamo. Trenutno zapo\u0161ljavamo 135\u00a0 stru\u010dnjaka uz mogu\u0107nost anga\u017eiranja po potrebi zna\u010dajnog broja pouzdanih vanjskih suradnika sa naglaskom na specijalizirana podru\u010dja kao \u0161to su vatrodojava, plinodojava, video nadzori i [&hellip;]<\/p>\n","protected":false},"author":1,"featured_media":0,"parent":9,"menu_order":0,"comment_status":"closed","ping_status":"closed","template":"","meta":{"footnotes":""},"class_list":["post-13","page","type-page","status-publish","hentry"],"yoast_head":"<!-- This site is optimized with the Yoast SEO plugin v27.5 - https:\/\/yoast.com\/product\/yoast-seo-wordpress\/ -->\n<title>Ljudski potencijali - Ivicom Consulting<\/title>\n<meta name=\"robots\" content=\"index, follow, max-snippet:-1, max-image-preview:large, max-video-preview:-1\" \/>\n<link rel=\"canonical\" href=\"https:\/\/ivicom-consulting.com\/web\/tvrtka\/ljudski-potencijali\/\" \/>\n<meta property=\"og:locale\" content=\"hr_HR\" \/>\n<meta property=\"og:type\" content=\"article\" \/>\n<meta property=\"og:title\" content=\"Ljudski potencijali - Ivicom Consulting\" \/>\n<meta property=\"og:description\" content=\"Na\u0161a dana\u0161nja kvaliteta dobrim je dijelom rezultat sistemskog razvoja tvrtke, pri \u010demu smo zapo\u0161ljavali kadrove svih in\u017eenjerskih struka potrebnih za \u0161irok spektar usluga i podru\u010dja djelovanja koje pokrivamo. Trenutno zapo\u0161ljavamo 135\u00a0 stru\u010dnjaka uz mogu\u0107nost anga\u017eiranja po potrebi zna\u010dajnog broja pouzdanih vanjskih suradnika sa naglaskom na specijalizirana podru\u010dja kao \u0161to su vatrodojava, plinodojava, video nadzori i [&hellip;]\" \/>\n<meta property=\"og:url\" content=\"https:\/\/ivicom-consulting.com\/web\/tvrtka\/ljudski-potencijali\/\" \/>\n<meta property=\"og:site_name\" content=\"Ivicom Consulting\" \/>\n<meta property=\"article:modified_time\" content=\"2023-03-10T13:11:16+00:00\" \/>\n<meta property=\"og:image\" content=\"http:\/\/ivicom-consulting.com\/web\/wp-content\/uploads\/2014\/10\/hr_ljudski.jpg\" \/>\n<meta name=\"twitter:label1\" content=\"Procijenjeno vrijeme \u010ditanja\" \/>\n\t<meta name=\"twitter:data1\" content=\"2 minute\" \/>\n<script type=\"application\/ld+json\" class=\"yoast-schema-graph\">{\"@context\":\"https:\\\/\\\/schema.org\",\"@graph\":[{\"@type\":\"WebPage\",\"@id\":\"https:\\\/\\\/ivicom-consulting.com\\\/web\\\/tvrtka\\\/ljudski-potencijali\\\/\",\"url\":\"https:\\\/\\\/ivicom-consulting.com\\\/web\\\/tvrtka\\\/ljudski-potencijali\\\/\",\"name\":\"Ljudski potencijali - Ivicom Consulting\",\"isPartOf\":{\"@id\":\"https:\\\/\\\/ivicom-consulting.com\\\/web\\\/#website\"},\"primaryImageOfPage\":{\"@id\":\"https:\\\/\\\/ivicom-consulting.com\\\/web\\\/tvrtka\\\/ljudski-potencijali\\\/#primaryimage\"},\"image\":{\"@id\":\"https:\\\/\\\/ivicom-consulting.com\\\/web\\\/tvrtka\\\/ljudski-potencijali\\\/#primaryimage\"},\"thumbnailUrl\":\"http:\\\/\\\/ivicom-consulting.com\\\/web\\\/wp-content\\\/uploads\\\/2014\\\/10\\\/hr_ljudski.jpg\",\"datePublished\":\"2014-10-29T10:47:42+00:00\",\"dateModified\":\"2023-03-10T13:11:16+00:00\",\"breadcrumb\":{\"@id\":\"https:\\\/\\\/ivicom-consulting.com\\\/web\\\/tvrtka\\\/ljudski-potencijali\\\/#breadcrumb\"},\"inLanguage\":\"hr\",\"potentialAction\":[{\"@type\":\"ReadAction\",\"target\":[\"https:\\\/\\\/ivicom-consulting.com\\\/web\\\/tvrtka\\\/ljudski-potencijali\\\/\"]}]},{\"@type\":\"ImageObject\",\"inLanguage\":\"hr\",\"@id\":\"https:\\\/\\\/ivicom-consulting.com\\\/web\\\/tvrtka\\\/ljudski-potencijali\\\/#primaryimage\",\"url\":\"http:\\\/\\\/ivicom-consulting.com\\\/web\\\/wp-content\\\/uploads\\\/2014\\\/10\\\/hr_ljudski.jpg\",\"contentUrl\":\"http:\\\/\\\/ivicom-consulting.com\\\/web\\\/wp-content\\\/uploads\\\/2014\\\/10\\\/hr_ljudski.jpg\"},{\"@type\":\"BreadcrumbList\",\"@id\":\"https:\\\/\\\/ivicom-consulting.com\\\/web\\\/tvrtka\\\/ljudski-potencijali\\\/#breadcrumb\",\"itemListElement\":[{\"@type\":\"ListItem\",\"position\":1,\"name\":\"Home\",\"item\":\"https:\\\/\\\/ivicom-consulting.com\\\/web\\\/language\\\/hr\\\/\"},{\"@type\":\"ListItem\",\"position\":2,\"name\":\"Tvrtka\",\"item\":\"https:\\\/\\\/ivicom-consulting.com\\\/web\\\/tvrtka\\\/\"},{\"@type\":\"ListItem\",\"position\":3,\"name\":\"Ljudski potencijali\"}]},{\"@type\":\"WebSite\",\"@id\":\"https:\\\/\\\/ivicom-consulting.com\\\/web\\\/#website\",\"url\":\"https:\\\/\\\/ivicom-consulting.com\\\/web\\\/\",\"name\":\"Ivicom Consulting\",\"description\":\"Ivicom Consulting\",\"potentialAction\":[{\"@type\":\"SearchAction\",\"target\":{\"@type\":\"EntryPoint\",\"urlTemplate\":\"https:\\\/\\\/ivicom-consulting.com\\\/web\\\/?s={search_term_string}\"},\"query-input\":{\"@type\":\"PropertyValueSpecification\",\"valueRequired\":true,\"valueName\":\"search_term_string\"}}],\"inLanguage\":\"hr\"}]}<\/script>\n<!-- \/ Yoast SEO plugin. -->","yoast_head_json":{"title":"Ljudski potencijali - Ivicom Consulting","robots":{"index":"index","follow":"follow","max-snippet":"max-snippet:-1","max-image-preview":"max-image-preview:large","max-video-preview":"max-video-preview:-1"},"canonical":"https:\/\/ivicom-consulting.com\/web\/tvrtka\/ljudski-potencijali\/","og_locale":"hr_HR","og_type":"article","og_title":"Ljudski potencijali - Ivicom Consulting","og_description":"Na\u0161a dana\u0161nja kvaliteta dobrim je dijelom rezultat sistemskog razvoja tvrtke, pri \u010demu smo zapo\u0161ljavali kadrove svih in\u017eenjerskih struka potrebnih za \u0161irok spektar usluga i podru\u010dja djelovanja koje pokrivamo. Trenutno zapo\u0161ljavamo 135\u00a0 stru\u010dnjaka uz mogu\u0107nost anga\u017eiranja po potrebi zna\u010dajnog broja pouzdanih vanjskih suradnika sa naglaskom na specijalizirana podru\u010dja kao \u0161to su vatrodojava, plinodojava, video nadzori i [&hellip;]","og_url":"https:\/\/ivicom-consulting.com\/web\/tvrtka\/ljudski-potencijali\/","og_site_name":"Ivicom Consulting","article_modified_time":"2023-03-10T13:11:16+00:00","og_image":[{"url":"http:\/\/ivicom-consulting.com\/web\/wp-content\/uploads\/2014\/10\/hr_ljudski.jpg","type":"","width":"","height":""}],"twitter_misc":{"Procijenjeno vrijeme \u010ditanja":"2 minute"},"schema":{"@context":"https:\/\/schema.org","@graph":[{"@type":"WebPage","@id":"https:\/\/ivicom-consulting.com\/web\/tvrtka\/ljudski-potencijali\/","url":"https:\/\/ivicom-consulting.com\/web\/tvrtka\/ljudski-potencijali\/","name":"Ljudski potencijali - Ivicom Consulting","isPartOf":{"@id":"https:\/\/ivicom-consulting.com\/web\/#website"},"primaryImageOfPage":{"@id":"https:\/\/ivicom-consulting.com\/web\/tvrtka\/ljudski-potencijali\/#primaryimage"},"image":{"@id":"https:\/\/ivicom-consulting.com\/web\/tvrtka\/ljudski-potencijali\/#primaryimage"},"thumbnailUrl":"http:\/\/ivicom-consulting.com\/web\/wp-content\/uploads\/2014\/10\/hr_ljudski.jpg","datePublished":"2014-10-29T10:47:42+00:00","dateModified":"2023-03-10T13:11:16+00:00","breadcrumb":{"@id":"https:\/\/ivicom-consulting.com\/web\/tvrtka\/ljudski-potencijali\/#breadcrumb"},"inLanguage":"hr","potentialAction":[{"@type":"ReadAction","target":["https:\/\/ivicom-consulting.com\/web\/tvrtka\/ljudski-potencijali\/"]}]},{"@type":"ImageObject","inLanguage":"hr","@id":"https:\/\/ivicom-consulting.com\/web\/tvrtka\/ljudski-potencijali\/#primaryimage","url":"http:\/\/ivicom-consulting.com\/web\/wp-content\/uploads\/2014\/10\/hr_ljudski.jpg","contentUrl":"http:\/\/ivicom-consulting.com\/web\/wp-content\/uploads\/2014\/10\/hr_ljudski.jpg"},{"@type":"BreadcrumbList","@id":"https:\/\/ivicom-consulting.com\/web\/tvrtka\/ljudski-potencijali\/#breadcrumb","itemListElement":[{"@type":"ListItem","position":1,"name":"Home","item":"https:\/\/ivicom-consulting.com\/web\/language\/hr\/"},{"@type":"ListItem","position":2,"name":"Tvrtka","item":"https:\/\/ivicom-consulting.com\/web\/tvrtka\/"},{"@type":"ListItem","position":3,"name":"Ljudski potencijali"}]},{"@type":"WebSite","@id":"https:\/\/ivicom-consulting.com\/web\/#website","url":"https:\/\/ivicom-consulting.com\/web\/","name":"Ivicom Consulting","description":"Ivicom Consulting","potentialAction":[{"@type":"SearchAction","target":{"@type":"EntryPoint","urlTemplate":"https:\/\/ivicom-consulting.com\/web\/?s={search_term_string}"},"query-input":{"@type":"PropertyValueSpecification","valueRequired":true,"valueName":"search_term_string"}}],"inLanguage":"hr"}]}},"_links":{"self":[{"href":"https:\/\/ivicom-consulting.com\/web\/wp-json\/wp\/v2\/pages\/13","targetHints":{"allow":["GET"]}}],"collection":[{"href":"https:\/\/ivicom-consulting.com\/web\/wp-json\/wp\/v2\/pages"}],"about":[{"href":"https:\/\/ivicom-consulting.com\/web\/wp-json\/wp\/v2\/types\/page"}],"author":[{"embeddable":true,"href":"https:\/\/ivicom-consulting.com\/web\/wp-json\/wp\/v2\/users\/1"}],"replies":[{"embeddable":true,"href":"https:\/\/ivicom-consulting.com\/web\/wp-json\/wp\/v2\/comments?post=13"}],"version-history":[{"count":41,"href":"https:\/\/ivicom-consulting.com\/web\/wp-json\/wp\/v2\/pages\/13\/revisions"}],"predecessor-version":[{"id":1022,"href":"https:\/\/ivicom-consulting.com\/web\/wp-json\/wp\/v2\/pages\/13\/revisions\/1022"}],"up":[{"embeddable":true,"href":"https:\/\/ivicom-consulting.com\/web\/wp-json\/wp\/v2\/pages\/9"}],"wp:attachment":[{"href":"https:\/\/ivicom-consulting.com\/web\/wp-json\/wp\/v2\/media?parent=13"}],"curies":[{"name":"wp","href":"https:\/\/api.w.org\/{rel}","templated":true}]}}